{"id":24,"date":"2023-03-27T18:55:22","date_gmt":"2023-03-27T17:55:22","guid":{"rendered":"https:\/\/mms-hochzeit.ch\/?page_id=24"},"modified":"2023-03-27T20:42:24","modified_gmt":"2023-03-27T19:42:24","slug":"uebernachtung","status":"publish","type":"page","link":"https:\/\/mms-hochzeit.ch\/?page_id=24","title":{"rendered":"\u00dcbernachtung"},"content":{"rendered":"\n<p>Habt ihr einen langen R\u00fcckweg? Oder wisst, dass ihr nach dem einen oder anderen Drink nicht mehr nach Hause fahren solltet? Daf\u00fcr besteht die M\u00f6glichkeit im Hotel Vogelsang in Eich zu \u00fcbernachten.<\/p>\n\n\n\n<p>Ein Kontingent an Hotelzimmer steht f\u00fcr unsere Hochzeit zur Verf\u00fcgung.<br>Bitte verwendet daf\u00fcr den Hinweis \u00abHochzeit Mil\u00e8ne &#038; Michael\u00bb.<br>Die Reservation muss durch jeden Gast individuell erfolgen.<\/p>\n\n\n\n<p>Wir freuen uns auf ein gemeinsames Fr\u00fchst\u00fcck am \u00abTag danach\u00bb.<\/p>\n\n\n\n<figure class=\"wp-block-table\"><table><tbody><tr><td><img fetchpriority=\"high\" decoding=\"async\" width=\"300\" height=\"188\" class=\"wp-image-149\" style=\"width: 300px;\" src=\"https:\/\/mms-hochzeit.ch\/wp-content\/uploads\/2023\/03\/EZLoft1202.jpg\" alt=\"\" srcset=\"https:\/\/mms-hochzeit.ch\/wp-content\/uploads\/2023\/03\/EZLoft1202.jpg 1440w, https:\/\/mms-hochzeit.ch\/wp-content\/uploads\/2023\/03\/EZLoft1202-300x188.jpg 300w, https:\/\/mms-hochzeit.ch\/wp-content\/uploads\/2023\/03\/EZLoft1202-1024x640.jpg 1024w, https:\/\/mms-hochzeit.ch\/wp-content\/uploads\/2023\/03\/EZLoft1202-768x480.jpg 768w\" sizes=\"(max-width: 300px) 100vw, 300px\" \/><\/td><td><strong>Einzelzimmer Waldseite<\/strong><br>Grand Lit (150cm Breit)<br>Waldseite, 16-20 m<sup>2<\/sup><\/td><td>Einzelperson<\/td><td>CHF 135.00<\/td><\/tr><tr><td><img fetchpriority=\"high\" decoding=\"async\" width=\"300\" height=\"188\" class=\"wp-image-149\" style=\"width: 300px;\" src=\"https:\/\/mms-hochzeit.ch\/wp-content\/uploads\/2023\/03\/EZLoft1202.jpg\" alt=\"\" srcset=\"https:\/\/mms-hochzeit.ch\/wp-content\/uploads\/2023\/03\/EZLoft1202.jpg 1440w, https:\/\/mms-hochzeit.ch\/wp-content\/uploads\/2023\/03\/EZLoft1202-300x188.jpg 300w, https:\/\/mms-hochzeit.ch\/wp-content\/uploads\/2023\/03\/EZLoft1202-1024x640.jpg 1024w, https:\/\/mms-hochzeit.ch\/wp-content\/uploads\/2023\/03\/EZLoft1202-768x480.jpg 768w\" sizes=\"(max-width: 300px) 100vw, 300px\" \/><\/td><td><strong>Einzelzimmer Waldseite<\/strong><br>Grand Lit (150cm Breit)<br>Waldseite, 16-20 m<sup>2<\/sup><\/td><td>Zwei Personen<\/td><td>CHF 190.00<\/td><\/tr><tr><td><img decoding=\"async\" width=\"300\" height=\"188\" class=\"wp-image-151\" style=\"width: 300px;\" src=\"https:\/\/mms-hochzeit.ch\/wp-content\/uploads\/2023\/03\/DZLoft1203.jpg\" alt=\"\" srcset=\"https:\/\/mms-hochzeit.ch\/wp-content\/uploads\/2023\/03\/DZLoft1203.jpg 1440w, https:\/\/mms-hochzeit.ch\/wp-content\/uploads\/2023\/03\/DZLoft1203-300x188.jpg 300w, https:\/\/mms-hochzeit.ch\/wp-content\/uploads\/2023\/03\/DZLoft1203-1024x640.jpg 1024w, https:\/\/mms-hochzeit.ch\/wp-content\/uploads\/2023\/03\/DZLoft1203-768x480.jpg 768w\" sizes=\"(max-width: 300px) 100vw, 300px\" \/><\/td><td><strong>Doppelzimmer Seeseite<\/strong><br>im Loft-Design<br>Grosses Doppelbett<br>Balkon mit Bergsicht, 25 \u2013 30 m<sup>2<\/sup><\/td><td>Einzelperson<\/td><td>CHF 160.00<\/td><\/tr><tr><td><img decoding=\"async\" width=\"300\" height=\"188\" class=\"wp-image-151\" style=\"width: 300px;\" src=\"https:\/\/mms-hochzeit.ch\/wp-content\/uploads\/2023\/03\/DZLoft1203.jpg\" alt=\"\" srcset=\"https:\/\/mms-hochzeit.ch\/wp-content\/uploads\/2023\/03\/DZLoft1203.jpg 1440w, https:\/\/mms-hochzeit.ch\/wp-content\/uploads\/2023\/03\/DZLoft1203-300x188.jpg 300w, https:\/\/mms-hochzeit.ch\/wp-content\/uploads\/2023\/03\/DZLoft1203-1024x640.jpg 1024w, https:\/\/mms-hochzeit.ch\/wp-content\/uploads\/2023\/03\/DZLoft1203-768x480.jpg 768w\" sizes=\"(max-width: 300px) 100vw, 300px\" \/><\/td><td><strong>Doppelzimmer Seeseite<\/strong><br>im Loft-Design<br>Grosses Doppelbett<br>Balkon mit Bergsicht, 25 \u2013 30 m<sup>2<\/sup><\/td><td>Zwei Personen<\/td><td>CHF 240.00<\/td><\/tr><tr><td><img decoding=\"async\" width=\"300\" height=\"188\" class=\"wp-image-150\" style=\"width: 300px;\" src=\"https:\/\/mms-hochzeit.ch\/wp-content\/uploads\/2023\/03\/JuniorSuiteLoft1202.jpg\" alt=\"\" srcset=\"https:\/\/mms-hochzeit.ch\/wp-content\/uploads\/2023\/03\/JuniorSuiteLoft1202.jpg 1440w, https:\/\/mms-hochzeit.ch\/wp-content\/uploads\/2023\/03\/JuniorSuiteLoft1202-300x188.jpg 300w, https:\/\/mms-hochzeit.ch\/wp-content\/uploads\/2023\/03\/JuniorSuiteLoft1202-1024x640.jpg 1024w, https:\/\/mms-hochzeit.ch\/wp-content\/uploads\/2023\/03\/JuniorSuiteLoft1202-768x480.jpg 768w\" sizes=\"(max-width: 300px) 100vw, 300px\" \/><\/td><td><strong>Junior Suite Waldseite<\/strong><br>Grosses Doppelbett<br>Wellness-Badewanne<br>Balkon, 35 m<sup>2<\/sup><\/td><td>Zwei Personen<\/td><td>CHF 295.00<\/td><\/tr><\/tbody><\/table><\/figure>\n\n\n\n<p><\/p>\n\n\n\n<p><strong>Hotel Restaurant Vogelsang AG<\/strong><br>Familie Burkhard<br>Vogelsang 2<br>6205 Eich<\/p>\n\n\n\n<p>Tel. 041 462 66 66<br>Fax 041 462 66 65<br><a href=\"mailto:mail@vogelsang.ch?subject=Kontakt%20%C3%BCber%20Webformular\">mail@vogelsang.ch<\/a><br><a href=\"https:\/\/www.vogelsang.ch\/de\/hotel\/\">Website Hotel Restaurant Vogelsang<\/a><\/p>\n","protected":false},"excerpt":{"rendered":"<p>Habt ihr einen langen R\u00fcckweg? Oder wisst, dass ihr nach dem einen oder anderen Drink nicht mehr nach Hause fahren solltet? Daf\u00fcr besteht die M\u00f6glichkeit im Hotel Vogelsang in Eich zu \u00fcbernachten. Ein Kontingent an Hotelzimmer steht f\u00fcr unsere Hochzeit zur Verf\u00fcgung.Bitte verwendet daf\u00fcr den Hinweis \u00abHochzeit Mil\u00e8ne &#038; Michael\u00bb.Die Reservation muss durch jeden Gast individuell erfolgen. Wir freuen uns [&hellip;]<\/p>\n","protected":false},"author":1,"featured_media":0,"parent":22,"menu_order":1,"comment_status":"closed","ping_status":"closed","template":"","meta":{"footnotes":""},"class_list":["post-24","page","type-page","status-publish","hentry"],"_links":{"self":[{"href":"https:\/\/mms-hochzeit.ch\/index.php?rest_route=\/wp\/v2\/pages\/24","targetHints":{"allow":["GET"]}}],"collection":[{"href":"https:\/\/mms-hochzeit.ch\/index.php?rest_route=\/wp\/v2\/pages"}],"about":[{"href":"https:\/\/mms-hochzeit.ch\/index.php?rest_route=\/wp\/v2\/types\/page"}],"author":[{"embeddable":true,"href":"https:\/\/mms-hochzeit.ch\/index.php?rest_route=\/wp\/v2\/users\/1"}],"replies":[{"embeddable":true,"href":"https:\/\/mms-hochzeit.ch\/index.php?rest_route=%2Fwp%2Fv2%2Fcomments&post=24"}],"version-history":[{"count":4,"href":"https:\/\/mms-hochzeit.ch\/index.php?rest_route=\/wp\/v2\/pages\/24\/revisions"}],"predecessor-version":[{"id":154,"href":"https:\/\/mms-hochzeit.ch\/index.php?rest_route=\/wp\/v2\/pages\/24\/revisions\/154"}],"up":[{"embeddable":true,"href":"https:\/\/mms-hochzeit.ch\/index.php?rest_route=\/wp\/v2\/pages\/22"}],"wp:attachment":[{"href":"https:\/\/mms-hochzeit.ch\/index.php?rest_route=%2Fwp%2Fv2%2Fmedia&parent=24"}],"curies":[{"name":"wp","href":"https:\/\/api.w.org\/{rel}","templated":true}]}}