{"id":34,"date":"2023-03-27T18:58:53","date_gmt":"2023-03-27T17:58:53","guid":{"rendered":"https:\/\/mms-hochzeit.ch\/?page_id=34"},"modified":"2023-03-28T19:04:10","modified_gmt":"2023-03-28T18:04:10","slug":"geschenke","status":"publish","type":"page","link":"https:\/\/mms-hochzeit.ch\/?page_id=34","title":{"rendered":"Geschenke"},"content":{"rendered":"\n<p>Unsere Hochzeit mit euch feiern zu d\u00fcrfen ist unser gr\u00f6sster Wunsch. Falls ihr uns trotzdem etwas schenken m\u00f6chtet, so freuen wir uns \u00fcber jeden finanziellen Zustupf f\u00fcr unseren Start ins Eheleben.<\/p>\n\n\n\n<figure class=\"wp-block-gallery has-nested-images columns-default is-cropped wp-block-gallery-1 is-layout-flex wp-block-gallery-is-layout-flex\">\n<figure class=\"wp-block-image size-large\"><img fetchpriority=\"high\" decoding=\"async\" width=\"1024\" height=\"683\" data-id=\"96\" src=\"https:\/\/mms-hochzeit.ch\/wp-content\/uploads\/2023\/03\/0044-448F8A5949_skaliert-1024x683.jpg\" alt=\"\" class=\"wp-image-96\" srcset=\"https:\/\/mms-hochzeit.ch\/wp-content\/uploads\/2023\/03\/0044-448F8A5949_skaliert-1024x683.jpg 1024w, https:\/\/mms-hochzeit.ch\/wp-content\/uploads\/2023\/03\/0044-448F8A5949_skaliert-300x200.jpg 300w, https:\/\/mms-hochzeit.ch\/wp-content\/uploads\/2023\/03\/0044-448F8A5949_skaliert-768x512.jpg 768w, https:\/\/mms-hochzeit.ch\/wp-content\/uploads\/2023\/03\/0044-448F8A5949_skaliert.jpg 1920w\" sizes=\"(max-width: 1024px) 100vw, 1024px\" \/><\/figure>\n<\/figure>\n","protected":false},"excerpt":{"rendered":"<p>Unsere Hochzeit mit euch feiern zu d\u00fcrfen ist unser gr\u00f6sster Wunsch. Falls ihr uns trotzdem etwas schenken m\u00f6chtet, so freuen wir uns \u00fcber jeden finanziellen Zustupf f\u00fcr unseren Start ins Eheleben.<\/p>\n","protected":false},"author":1,"featured_media":0,"parent":0,"menu_order":7,"comment_status":"closed","ping_status":"closed","template":"","meta":{"footnotes":""},"class_list":["post-34","page","type-page","status-publish","hentry"],"_links":{"self":[{"href":"https:\/\/mms-hochzeit.ch\/index.php?rest_route=\/wp\/v2\/pages\/34","targetHints":{"allow":["GET"]}}],"collection":[{"href":"https:\/\/mms-hochzeit.ch\/index.php?rest_route=\/wp\/v2\/pages"}],"about":[{"href":"https:\/\/mms-hochzeit.ch\/index.php?rest_route=\/wp\/v2\/types\/page"}],"author":[{"embeddable":true,"href":"https:\/\/mms-hochzeit.ch\/index.php?rest_route=\/wp\/v2\/users\/1"}],"replies":[{"embeddable":true,"href":"https:\/\/mms-hochzeit.ch\/index.php?rest_route=%2Fwp%2Fv2%2Fcomments&post=34"}],"version-history":[{"count":3,"href":"https:\/\/mms-hochzeit.ch\/index.php?rest_route=\/wp\/v2\/pages\/34\/revisions"}],"predecessor-version":[{"id":204,"href":"https:\/\/mms-hochzeit.ch\/index.php?rest_route=\/wp\/v2\/pages\/34\/revisions\/204"}],"wp:attachment":[{"href":"https:\/\/mms-hochzeit.ch\/index.php?rest_route=%2Fwp%2Fv2%2Fmedia&parent=34"}],"curies":[{"name":"wp","href":"https:\/\/api.w.org\/{rel}","templated":true}]}}